+ -79 + -6 + 15 + 23?
-51
Evaluate (11 - (-11 - -4 - -11 - -1)) + -37.
-31
What is the value of -9 + 27 + 1 + -108?
-89
What is the value of 9 + -17 - -13 - (11 + (-33 - -17))?
10
Evaluate 121 + 124 - 50 - 117.
78
What is the value of 22 + 26 + 32 - (-3 + -7)?
90
What is (59 - 7) + -1 + -49 + 59 + 3?
64
-22 - (-19 + (-10 - 9)) - 4
12
Evaluate 23 + (55 + -32 - 54) - (15 + 0).
-23
What is the value of -5 - ((-2 - -8) + -10 - (76 + -7 - 13))?
55
41 - ((-192 - -87) + 243)
-97
What is the value of 178 + -144 + 1 + -10 - (0 + -13)?
38
What is the value of -20 + 79 + -77 + 46?
28
What is the value of -28 + -2 + (158 - (-69 - -174))?
23
What is -23 - (70 - (12 + 116))?
35
Evaluate (-9 - (-10 - 2)) + 5 + 112 + -50.
70
Calculate 52 + -49 + (-19 - -11 - -11).
6
What is 102 - -1 - (7434 + -7405)?
74
-76 + -1 + -7 - (24 - (-6 + 8 + 18))
-88
Calculate -71 + -3 - (9 + -24 - (-32 + 14)).
-77
What is the value of 6 + -33 + -16 - (3 + -10)?
-36
What is 1 + -1 - -92 - (20 - (17 + 10 - 12))?
87
Evaluate (-90 + 94 - -84) + 2 + -28.
62
What is the value of 149 - 155 - (-83 - (1 - (9 - 4 - 6)))?
79
What is the value of -12 - (8 - 12 - (-10 + -1 + 12)) - -9?
2
What is 2 + 2 - -4 - (74 + -43 + -23)?
0
Calculate (0 - -8 - (-17 - -37)) + (141 - 94).
35
Evaluate (0 - (6 - 1)) + 14205 + -14225.
-25
1 + -23 + (-314 - -316)
-20
What is 161 + -146 + (-4 + 1 - (8 + 50))?
-46
(1 - 17) + -124 + 125 + (0 - -3)
-12
Evaluate -105 + (-74 - (2 + -134)).
-47
Evaluate -5 + -36 + (8 - (-12 - -1 - -7)).
-29
What is -10 - 1 - 0 - (-132 - ((-22 - 0) + 23))?
122
Calculate 4 - (-5 + 11 + -8 - 1) - (22 - 72).
57
Evaluate -1 + 62 + -2 + 2 - 2 - (1669 + -1659).
49
What is -5 + 1 - (40 - 80 - 42)?
78
Evaluate -25 + (16 - (-15 + 17 + 28 + -14)).
-25
Calculate 61 + 14 - (99 - 69).
45
What is (-45 - -53) + (35 - (-7 + 4 + -2))?
48
What is -930 + 883 - (-13 - (1 - (0 + -1 - -1)))?
-33
Calculate ((-1 - (19 + -10)) + 4 - -10) + -2 - -22.
24
Evaluate (-2 + 3 + 3 - ((6 - 0) + -13)) + -53.
-42
What is the value of -1 + -1 + -1 + -4 + 2703 + -2775?
-79
What is 0 + 9 + 1 + -5 + -281 + 284?
8
Evaluate 53 + -26 + (46 - 20).
53
What is -58 - -16 - (0 - -3)?
-45
What is (-2 - -2 - (-38 + 30)) + -18 - -11 - 42?
-41
Calculate (-1 - 1) + 9 + (20 - (43 + -6)).
-10
Evaluate -32 + 46 + -50 + 49.
13
(3 - (-9 + 5) - (-4 - -5)) + 18
24
(-118 - -17) + 25 + 87
11
Evaluate 15 - (-10 - -10 - 0) - -12.
27
(-6 + 0 - (-338 - -344)) + 36 + 2
26
What is the value of 149 + -254 + 41 + -2?
-66
Evaluate -27 + (-23 - -26) + 2 + 9 + -10.
-23
What is the value of -49 - (121 - 168) - (-2 + -1 + 1)?
0
Calculate 394 + -411 + (2 - 1).
-16
What is -15 - (-29 + 31) - -54?
37
(26 - (-21 - -78)) + -25 + -25 + 2
-79
Calculate -23083 + 23093 - (-2 - -2 - 1 - -53).
-42
Evaluate 1 - -7 - -1 - ((-6 - -1) + 35).
-21
What is 0 + 1 - (-1536 - -1667)?
-130
Evaluate (-19 - 13) + 31 + 9 + -3.
5
Calculate -21 + 38 + (-15 - -24).
26
What is -33 - (1 + (-31 - -9) + 60)?
-72
What is the value of -6 + (42 - (-26 + 48)) + 4 + 3 + -3?
18
2 - (1 + -1) - (167 - (171 + -71))
-65
What is (-8 + (19 - -8) - 10) + (4 - 4)?
9
Calculate 186 + -112 + 22 - 79.
17
Evaluate -55 + 19 + 4 + -10 + 34.
-8
Calculate -151 + 161 + 9 + 127.
146
What is -2 + (4 - (-8 + 9)) + 19 + -7 + -28?
-15
Evaluate -113 + -19 + 75 - -33.
-24
What is the value of -68250 - -68243 - (34 + 1 + -2 + 4 + -1)?
-43
Calculate -2050 + 2087 + (1 - 155).
-117
Calculate (0 - (3 + -1)) + (690 - 701) + 6.
-7
Calculate (-32 + 3 - -51) + -54.
-32
What is 3 + (-6 - -4 - -12) + -1 + 13?
25
What is the value of -4 + 12 - (-18 - -21) - (-20 + 52)?
-27
Evaluate 11 + 0 + -1 - (7722 - 7698).
-14
Calculate 33 - (-12 + 4 - -7 - 5 - 6).
45
What is (1 + 8 - 1) + (57 - (5 - -63)) - 54?
-57
Calculate (122 - 239 - -202) + 1 + 0 + 0.
86
10 + 12 + (-2 - -12) + (7 - 3 - 6)
30
Calculate -72 + 13 + (-43 - (-17 + -3 - -3)).
-85
What is -43 - (-43 + -27) - (10 + 1)?
16
Calculate 33 - (76 - (61 - 47)).
-29
What is (5 + -3 - -5) + (-26 - 1 - 8)?
-28
Evaluate -32 + 0 + 43 + (-59 - -7) + (1 - 1).
-41
(34 - ((22 - (1 + -21)) + -15)) + (-1 - 80)
-74
What is (126 - 6 - 197) + 94?
17
Evaluate 4 + -2 + 4 + -44 + (-14 - -9) + -10.
-53
What is -29 - (23 - (52 - (17 - 10)))?
-7
79 + -56 + (-6 + 19 - 124)
-88
What is 0 - 30 - (-11 - (23 + -7 - 17))?
-20
Evaluate 14897 - 14805 - (151 + 0).
-59
15 + (-11 - (-1 + 16)) - (2 + -13)
0
(18 + 13 - 7) + 6 + (5 - 20)
15
109 + -136 - 83 - -44
-66
What is -22 - -35 - (8 + 0 + (-16 - -18))?
3
Evaluate 62 + (-37 - (-14 - -4)).
35
(8 - (0 - -3)) + -95 + (22 - 12)
-80
What is (-70 - -1) + (212 - 92 - 98)?
-47
What is -70 + 171 + -108 - 108?
-115
Evaluate -39 + -18 - -48 - (-110 + -5).
106
Evaluate (2 - ((-5 - -1) + 11)) + 1 - (-285 + 285).
-4
(333 - 304) + -5 + (2 - (-3 - -1))
28
2 - (-61 - (-1 - (-8 - (4 + -1))) - -3)
70
Calculate 19 - (-93 - -2) - 58.
52
Calculate 442 + -431 - (4 + 26).
-19
What is -872 - -815 - (0 + -2 + 4 - -9) - -6?
-62
What is the value of -1 - (16 - -9 - -34)?
-60
Calculate (42 - (-24 + (38 - -22))) + 4.
10
What is the value of -15 + 37 + -5 - 4 - -4 - (0 - -5)?
12
Evaluate 61 - 1 - (42 + (129 - 137)).
26
What is (8 - (-12 + -6)) + (-7 - (10 - 2))?
11
Evaluate -11 - -6 - 28 - (-14 - (15 - 42)).
-46
Evaluate -10 + -2 + (15 - (-12 - -20)).
-5
13 + (-9 - 3) + (56 - 62) + -8
-13
What is the value of 7 - (107 - 68 - -45)?
-77
Evaluate 195 + -43 + (-202 - -99).
49
Calculate (4 - 26) + 23 + 7 + (-3 - 17) + -2.
-14
What is the value of -115 + 39 - 5 - -84?
3
Evaluate -82 - (-114 + (155 - 61)).
-62
Calculate (27 - 2) + 12 + -20 - -3 - 13 - 71.
-64
What is the value of -331 - -352 - (3 + -4)?
22
What is the value of (-11 - (0 + -11)) + -12 + 1 - 13?
-24
Calculate 23 + 43 + -11 + -29.
26
What is the value of -1 + -2 - (286 - 406) - (4 - -1)?
112
Calculate -2 + 0 - (-19 + (12 - -4)) - (-187 + 114).
74
What is 10 + (-33 - 3) + -29 - -15?
-40
27 + (-603 - -572 - (2 + 118))
-124
72 - (-80 + -11 - -209)
-46
What is (-442 - -473) + (6 - 46)?
-9
Calculate -31 - (0 + -6 - (500 - 487)).
-12
(28 + -34 - (0 + 1)) + -2
-9
What is the value of (13 + 46 - 1) + 16 + -35?
39
What is 13 + 0 - (-8 + (28 - (14 + 11 + -31)))?
-13
What is the value of (390 - 166 - 168) + -2 + 0 + -4 + 3?
53
2 + 1 + -32 + (-21 - (14 - (26 - 2)))
-40
(-3 - (29 + -11)) + 9 + -13
-25
What is the value of 1 - (2 - 1) - (-8 - (39 - 33))?
14
(41 - 80) + 43 - -37
41
Calculate -38 + 64 - 98 - (3 + -11).
-64
What is the value of -1 - 14 - (-15 + -16 - 15 - 21)?
52
What is the value of (-284 - -274) + -1 + -65 + 3 + 16?
-57
(4 + -2 - -25) + (-30 - -21) + -5 + 9
22
What is the value of -21 + -49 + 150 + -131?
-51
What is the value of (-16 + 5 - -6) + (3 - 72) + 13?
-61
Calculate (-63 - -29) + -21 - (3 - (1 - -1)).
-56
What is the value of 7 + -21 - (6 - 0) - -20?
0
Calculate 94 - 127 - 1 - (-1 - -8).
-41
What is -78 - (115 - (82 + 164))?
53
Calculate -141 - (71 - 226) - (1 + 0 - 12).
25
What is (152 - (-68 - -233)) + (64 - (0 - (-1 - 0)))?
50
What is -16 + 54 - ((4 - 10) + -3) - (4 - -3)?
40
What is the value of 12 + 17 + -10 - (131 - 22)?
-90
What is (-1 - 22 - (-170 - -155)) + (3 - -128)?
123
What is -51 + 1 + (-10 - 14) + 26 - (-15 - -3)?
-36
-71 - (57 - -61 - 299)
110
(-1 + 8 - (1 - (42 - 38)) - 51) + 3
-38
What is the value of 22 - ((8 - 3) + (4 + 32 - 47))?
28
What is the value of (20 - (1 + (-12 - -10) + 12)) + 55 + -8?
56
Calculate 215 + -451 - -194 - (-14 - -1).
-29
Calculate 44 + -64 - ((3 - -5) + 7).
-35
Evaluate -133 + 52 + 0 + (19 - -3).
-59
Calculate -7 - -4 - (0 + -4 - (37 + -33)) - 55.
-50
Calculate 1 - 18 - (-15 - 45 - 16).
59
What is the value of -4 - (-26 - -79) - ((-1 - (-8 + 7)) + -2)?
-55
What is the value of 17 - (22 - 5 - (23 + -9) - 17)?
31
Calculate (270 - 341) + -9 + (-4 - (-7 + -1)).
-76
What is the value of -16 + -19 + 9 + 28 - 34?
-32
Evaluate -21 + (28 + -28 - (-26 + -7)).
12
What is the value of (-1 - -5) + -4 + (23 - 24) + 56 - 2?
53
(7 - (4 - -5)) + -72
-74
Evaluate 24 + -158 - (193 - 232).
-95
Evaluate 30 - (-8 + 5 + -7).
40
Calculate 43 - (-37 + -47 + 43).
84
What is the value of (-65 - (-18 + 5 - 12)) + -9?
-49
What is the value of -15 + 1 - (41 + -18 + -65)?
28
What is (11 + -22 - 45) + 33?
-23
11 - (10 - (57 - 75))
-17
What is the value of -28 + 0 - (-9 + 38 + -139)?
82
Evaluate -5 + -73 - (-19 + (-59